6. What is the tens digit of -1*z/8 - (-1)/(-4)?
2
Let q = 93 - 89. Let l = 2 + -1. Suppose -r - 5*a = -l - 23, -q*r + 74 = -2*a. What is the units digit of r?
9
Suppose 3 = -3*j + 3*w, 4*w - 29 = -3*j - 4. Suppose j*v + 1 = -5. What is the units digit of v/8 + (-10)/(-8)?
1
Let w = -20 + 33. Suppose -w*s + 14*s = 48. What is the tens digit of s?
4
Let t(m) be the first derivative of m**6/360 - m**5/24 - m**4/8 + 5*m**3/3 + 4. Let y(h) be the third derivative of t(h). What is the units digit of y(6)?
3
Let g = 16 - -35. Suppose 2*z - g = 79. What is the units digit of z?
5
Let r be 8*1*(20 + -21). What is the units digit of 262 - (7 - (-4)/(r/6))?
8
Suppose y - 338 = -b - 4, 344 = b - y. What is the units digit of b?
9
Let k = -1478 + 2279. What is the tens digit of k?
0
Suppose 9*x = 14*x - 200. Suppose -2*f = f - 4*d - 60, 2*f = -4*d + x. What is the units digit of f?
0
Suppose 0*d + 24 = -3*d. Suppose 65 = -20*r + 25*r. Let l = r + d. What is the units digit of l?
5
Let r = 8108 + -5766. What is the tens digit of r?
4
Suppose 39*o - 11343 = 20*o. What is the tens digit of o?
9
Let i(o) = o**3 - 9*o**2 + o + 15. Let h be i(7). Let f = -26 - h. Suppose 3*q - 2*t - f = 48, -5*q + 2*t = -170. What is the units digit of q?
6
Let m = 494 - -690. What is the units digit of m?
4
Suppose 5*k = -0*a - 2*a - 44, 0 = k - 2*a + 16. Suppose 25 = 2*l - l. Let j = l + k. What is the units digit of j?
5
Suppose -15*b = -1017 - 3198. What is the units digit of b?
1
Suppose 5*m = 2*f - 0*f - 35, -2*f - 4*m - 10 = 0. Let q(z) = z**2 + z - 2. What is the tens digit of q(f)?
2
Suppose 3*d = -4*w + 52, 23 = 2*w - 4*d - 3. Let s = 38 + w. What is the units digit of s?
1
Suppose 0 = -5*r - 36 + 61. Suppose 2*n - 3*n = 4*m - 414, 2*m - 5*n - 218 = 0. Suppose r*p - m = p. What is the tens digit of p?
2
Suppose c + 4 = 4*j + 35, 0 = -c - 1. Let b = j + 10. Suppose 4*h = 5*f + 160, -h + 3*f = b*h - 120. What is the units digit of h?
0
Let d(h) be the second derivative of -10*h**3/3 - 17*h**2/2 + 15*h. What is the tens digit of d(-8)?
4
Let z(k) = -1295*k + 4. What is the thousands digit of z(-1)?
1
Suppose -5*f - j + 5289 = 0, 5281 = 9*f - 4*f - j. What is the units digit of f?
7
Suppose -2*s - 1 = -r - 3, 5*r - s - 17 = 0. Let b(a) = -r*a + 6*a + 11*a. What is the tens digit of b(2)?
2
Suppose 0 = -0*h - 4*h - 84. Let y = -44 - h. Let z = y + 46. What is the units digit of z?
3
Suppose -5*i = -10, 2*i = 4*r + i - 3854. Suppose 3*o = 4*h - r, 0 = 3*h - 5*o - 73 - 661. What is the units digit of h?
8
Suppose 0 = 7*i - 755 - 519. What is the tens digit of i?
8
Suppose -8923 + 2315 = -8*h. What is the hundreds digit of h?
8
Let l(i) be the second derivative of 5*i**3/6 - 3*i**2/2 - 3*i. Let x be l(4). Let c(g) = -g**2 + 18*g + 14. What is the units digit of c(x)?
1
Let m = 203 - 148. What is the tens digit of m?
5
Let u be (-5 + 2)/(6/(-4)). Suppose -5*i + 8 = -u*f, 3*f = 5*i + 4*f - 11. What is the units digit of 5/i*(-84)/(-10)?
1
Suppose 6833 = 8*y - 5063. What is the thousands digit of y?
1
What is the tens digit of 1/(11*8/38632)?
3
Let y(o) = -o**3 - 6*o**2 - 4*o + 2. Let i be y(-6). Suppose 4*n = -i + 6. Let b = n - -13. What is the units digit of b?
8
Suppose -3*h - 10 = -8*h. Suppose -12 = -4*n - 0. Suppose 0 = -v + n*r + 1 - 3, -5*v + h*r = -29. What is the units digit of v?
7
Let q(a) = -2*a + 8. Suppose 0*u = -u - 7. Let n be q(u). Let v = 23 - n. What is the units digit of v?
1
Let j be (-14 + 13)/((-1)/11). Let b(h) = -1 - 3*h**2 + j - 6 + 3*h + 2*h**2 - h**3. What is the units digit of b(-4)?
0
Suppose -4424 = -7*i - 7*i. Suppose 545 = 5*f + 3*u, -2*u = 3*f + 2*u - i. What is the hundreds digit of f?
1
Let p(y) be the second derivative of y**6/360 + y**5/60 - 5*y**3/6 + y. Let o(l) be the second derivative of p(l). What is the tens digit of o(5)?
3
What is the hundreds digit of (-302*2)/(-4) - 4?
1
Let f = 138 - 90. Suppose -j - j = 4*s - f, 3*s = -5*j + 85. What is the tens digit of j?
1
Let d(a) = -36*a - 101. What is the tens digit of d(-11)?
9
Suppose d + 3*k + 11 = -d, 4*d - 5*k = -33. What is the units digit of 104 + d/(14/6)?
1
Let n(z) = 45*z - 551. What is the thousands digit of n(42)?
1
Let z(w) = 34*w**2 - 3*w + 140. What is the tens digit of z(8)?
9
Let z(d) = d. Let c be (-8)/12 + (-23)/(-3). Let v be z(c). Suppose -v - 65 = -4*n. What is the units digit of n?
8
Let c = -18 + 20. Let y(r) = r**3 - 3*r + 2. Let m be y(c). What is the units digit of (m/(-3))/((-14)/273)?
6
Suppose 4*b - 30 = -3*m, -37 = -5*b - m - 3*m. Let i(u) = u + 39. Let o be i(0). Suppose 6*c = b*c - o. What is the units digit of c?
3
Let m(q) = 15*q**3 - q**2 + 1. Let o be m(-1). Let l(w) = -w**3 - 15*w**2 + w + 9. Let d be l(o). What is the tens digit of ((-63)/d)/((-2)/(-8))?
4
Suppose -5*y + 0*z = -2*z - 584, 4*z = -y + 108. What is the units digit of y?
6
Suppose -2*u + 3374 = 2*q - 3*u, 3*q - 5*u = 5054. What is the thousands digit of q?
1
Suppose -2*t = -2*c - 4250, -2*t + 39*c + 4255 = 38*c. What is the hundreds digit of t?
1
Let g(o) = 2*o**3 + 7*o**2 - 5*o - 5. Let t be g(-4). Let u = t - -69. What is the units digit of u?
8
Suppose 69*c = 53*c + 7344. What is the tens digit of c?
5
Suppose 5*l - 15*l = -1560. Suppose 0 = -2*p + 402 - l. What is the units digit of p?
3
Suppose -23 + 21 = -v. Suppose -4*k = -v*x + 17 + 23, 3*k + 3 = 0. What is the tens digit of x?
1
Let y = 10 - -8. Suppose 5*g - h + 0*h - y = 0, 4*g + 5*h + 3 = 0. Suppose 0 = g*t - 32 - 109. What is the tens digit of t?
4
Let w(z) be the third derivative of 5*z**4/12 - 4*z**3/3 + 85*z**2. Let u be (3/(-6))/(1/(-10)). What is the units digit of w(u)?
2
What is the hundreds digit of 2 + -7 + 1970/(-6 + 8)?
9
Let w(r) = -r**2 - 16*r - 12. Let b be w(-15). Suppose -b*c + 1656 = -7*c. What is the units digit of 66/110 - c/10?
2
Suppose 0 = 30*c - 4563 - 11217. What is the hundreds digit of c?
5
Let t(l) = -31*l + 17. Suppose 5*a + 44 = -6*a. What is the tens digit of t(a)?
4
Suppose o = 2*o + 14. Let q be (-68)/(-2) + o + 12. Let d = -3 + q. What is the units digit of d?
9
Let f(n) = 38*n**2 - 4*n - 5. What is the units digit of f(-5)?
5
Let q(n) = 876 - 876 - 38*n**3 + 2*n. What is the units digit of q(-2)?
0
What is the hundreds digit of (-132 - 8)/(-7)*94/4?
4
Let x = 16 + -22. Let g be 1*x*(-3)/(-9). What is the units digit of (g + -1 + 0)/(-1)?
3
Let n be (-6)/2*(-43)/1. Suppose -2*h + 5*a = -5*h + 114, a + n = 4*h. Let m = 1 + h. What is the units digit of m?
4
Let q(y) = y**3 + y**2 + y + 2. Let i be q(0). Suppose -w + 182 = -3*b, 344 = 2*w - i*b + b. What is the tens digit of w?
7
Let s(y) = y + 24. Suppose 0*m + 30 = 3*m. What is the units digit of s(m)?
4
Let m be ((-8)/2)/(22/(-1408)). Suppose -m + 1136 = 4*a. What is the units digit of a?
0
Let l(f) be the first derivative of 25*f**2/2 + 2*f + 26. What is the units digit of l(6)?
2
Let v(m) = -m**3 - 12*m**2 + 9*m - 26. Let f be v(-13). Suppose t - f = 7. What is the units digit of t?
3
Suppose 4*z = -5*f + 3652, 2*z - 2932 = -4*f + 4*z. Suppose 0 = -r + 5*r - f. What is the units digit of r?
3
Suppose -4*q = -2*x - 1888, 3*q + 2*x - 2002 = -586. Suppose 0 = -2*r + 2*l + 224, 0 = -5*r + r - 4*l + q. What is the hundreds digit of r?
1
Suppose 591*g - 603*g + 60 = 0. What is the units digit of g?
5
Suppose -2*i = g - 0*i - 395, -2*g - 2*i + 796 = 0. What is the tens digit of g?
0
Let m be ((-1190)/15)/(6/(-9)). Suppose 0*u - 2*b - 225 = -5*u, 2*u - m = -5*b. Let h = -14 + u. What is the tens digit of h?
3
Suppose 4*a - 20 = -a. Suppose a*q + 2*v - 286 = q, 2*q - 196 = -4*v. What is the tens digit of q?
9
What is the thousands digit of 2 + -1 - (-1 + -1211 + -5)?
1
Suppose -6*j - 4*o + 236 = -4*j, -121 = -j - 3*o. What is the hundreds digit of j?
1
Suppose -6*x + 7*x = 2. Suppose b - 242 = 5*y, y - 466 = -2*b + x*y. What is the units digit of b?
2
What is the tens digit of (-22)/4*562832/(-638)?
5
Let r = 52 - 47. Suppose -3*w = -5*t + 222, -t + r*w = -0*t - 62. What is the units digit of t?
2
Let z(q) = q**2 + 4*q. Let b be z(-4). Let u be 1/(-3) - 24/9. Let l = b - u. What is the units digit of l?
3
Let s be 1 + (-1 - -221) + 0/2. Suppose 11 = 4*j - s. What is the tens digit of j?
5
What is the tens digit of (-302654)/(-209) + (1 - (-21)